. Suppose -5*v - 5 = -q - 0, 3*v + 2*q - 10 = 0. Suppose v = -y*z + 195 + 48. What is the tens digit of z?
8
Suppose -13144 = -15*b + 24686. What is the units digit of b?
2
Let t be (-16)/72 - 2/(-9). Suppose -g + 4*s + 6 + 34 = 0, 2*s - 10 = t. Suppose 0 = 2*i - 5*f - g, -2 = i + 2*f - 23. What is the tens digit of i?
2
Suppose -800 = -5*n + 3*m - 231, n - 97 = -5*m. What is the units digit of n?
2
Let a(h) = -6 - 18*h + 2 - h**2 + 2. What is the tens digit of a(-13)?
6
Let a(n) = n**3 + 27*n**2 - 3*n - 110. What is the units digit of a(-21)?
9
Let t = 7 + -5. Suppose -t*k = 0, 3*q - 4*k = -1 + 10. Let u = q + -2. What is the units digit of u?
1
Let x = -3324 + 6444. What is the thousands digit of x?
3
Let t = -11 + 17. What is the hundreds digit of (-29)/174 - 1/t*-619?
1
Suppose 4*f - 320 + 840 = 5*r, r - 2*f = 110. What is the hundreds digit of r?
1
Let z(w) = -w**3 - 14*w**2 - 8*w + 3. Suppose 0 = -4*o - 2*g - 46, -o + 43 = -3*o + 3*g. What is the units digit of z(o)?
5
Let k(w) = -w - 4. Suppose -70 = -7*c + 2*c. Let v be 14/2*(-12)/c. What is the units digit of k(v)?
2
Let d be 130/(-4)*26*(-1)/5. Suppose 0 = -5*v + 146 + d. What is the units digit of v?
3
Let w = 1 + 10. Let g = w + 17. What is the tens digit of g?
2
Let b(n) = -n**3 - 20*n**2 - 120*n - 33. What is the units digit of b(-22)?
5
Let k be (-440)/(-5) - (0 - -2). Let b = -22 + k. What is the units digit of b?
4
Let q(n) = 52*n**2 + 8*n + 3. What is the thousands digit of q(5)?
1
Let h(l) = -185*l + 779. What is the tens digit of h(-8)?
5
Let q(d) = 0 - 2 + 1 + 9*d - 8*d. Let k be q(4). Suppose -5*l + 3*h = -l - 126, -k*l - 2*h + 103 = 0. What is the units digit of l?
3
Let i(c) = -c**3 + 7*c**2 + 10. Let d be i(7). Suppose -q + d = -212. What is the hundreds digit of q?
2
Suppose -j + w = 11, 1 - 5 = -4*w. Let r = 12 + j. Suppose 26 = r*h - 30. What is the units digit of h?
8
Let c = -16 + 6. Let j = c + 14. Let u(g) = -g**2 + 6*g - 4. What is the units digit of u(j)?
4
Suppose 5*n - 3 = 4*n. Suppose -9 + 0 = -n*j. Let r = 6 + j. What is the units digit of r?
9
Suppose 1675 - 560 = d - 2*r, d + r - 1103 = 0. What is the hundreds digit of d?
1
What is the tens digit of (638/33)/(-2)*(-18)/2?
8
Let j(x) = x**3 - 3*x**2 - 12*x + 6. Let f be j(5). What is the tens digit of 1/(-4) + (-245)/f?
6
Let j(h) = -h**2 + 15*h - 13. Let x be j(1). Suppose 5*s = -5*y + 5, -y + 5*s - 3 = -4. Suppose y = r - x. What is the units digit of r?
2
Suppose 9232 + 4265 = 11*f. What is the hundreds digit of f?
2
Suppose 4*c - 1188 = -2*c. Suppose -2*j - c = -3*g, 3*g - 5*g = -j - 133. What is the units digit of g?
8
Let d(s) = -9*s**3 - s**2 + 2*s + 2. Let v be (16/40)/((-1)/5). What is the tens digit of d(v)?
6
Suppose 10040 = 23*g - 655. What is the units digit of g?
5
Let j = 86 - -2178. What is the tens digit of j?
6
Let h(z) = -854*z + 865. What is the thousands digit of h(-4)?
4
Suppose -5*i + 84 = -3*n, -12 = -2*i - 5*n + 34. Let w be -1 - -2 - i*1. Let l = -4 - w. What is the units digit of l?
3
Let v(y) = -4*y**2 - 10*y - 14. Let w be v(-5). What is the units digit of 2 - (w - (-2 - -4))?
8
Suppose 47*j - 43*j = 10592. What is the hundreds digit of j?
6
Let g be 60/21 + (-2)/(-14). Suppose g + 2 = k. What is the units digit of (-2 - 1 - -1) + k?
3
Let m(h) = 74*h**3 - 14*h**2 + 7*h - 12. What is the tens digit of m(3)?
8
Let m(v) = v - 5. Let f be m(5). Suppose -3*h - h = f. Suppose 4*j + 3*q - 78 = h, q - 2*q + 61 = 3*j. What is the tens digit of j?
2
Let n be (1 - (-3)/(-2))*-30. Let g = n - 12. Suppose 3*i = -g*o + 2*i + 80, -o - 5*i = -36. What is the tens digit of o?
2
Let m = 13 - 81. Let i = m + 72. What is the units digit of i?
4
Let i = 150 + -147. Suppose s - 484 = -s + d, -i*d + 6 = 0. What is the units digit of s?
3
Let w = 28 - 26. Suppose -3*a - 9 = w*o - 118, -a = -o + 67. What is the tens digit of o?
6
Let d(x) = -x - 1. Let y be d(-1). Suppose -3*b + 227 = -s, y = 4*b + 4*s + s - 290. Let l = 114 - b. What is the units digit of l?
9
What is the tens digit of 17976/40*10/6?
4
Let u(s) = -7*s**3 - 11*s**2 - 31*s + 58. What is the tens digit of u(-7)?
3
Let k(n) = 2*n**2 + 15*n + 293. What is the tens digit of k(24)?
0
What is the thousands digit of (12 + (-19360)/24)*(-9)/6?
1
Suppose 0*j + 5*j = 4*o - 1603, j = 3*o - 1216. What is the hundreds digit of o?
4
Suppose 3766 = -12*h + 19*h. What is the units digit of h?
8
Suppose 5866 = 10*r - 1304. What is the units digit of r?
7
Suppose 4*d = -80 + 8. Let b be (-1140)/d*3/2. Suppose 0 = -5*r + b + 55. What is the tens digit of r?
3
Let b(o) = o**3 - o**2 - 456. Let k be b(0). What is the tens digit of k/(-32) + (-2)/8?
1
Let s = -309 + 564. What is the units digit of s?
5
What is the units digit of (71 + -73)*((-1983)/2 + -1)?
5
Let h be (-115)/2*66/(-5). Let i = h - 514. What is the units digit of i?
5
Suppose u - 6 = -1. Let m(q) = -3*q + 10 + 4*q + q**2 - u + 4*q. What is the tens digit of m(-7)?
1
Let z = 22 - 31. Let l(q) = 2*q**2 - 10*q + 6. Let o be l(6). Let u = z + o. What is the units digit of u?
9
Suppose 2*j + 1783 = 5*n + 390, n + j - 280 = 0. What is the hundreds digit of n?
2
Suppose 3*r + 40480 = 58*r. What is the tens digit of r?
3
Suppose 6*v - 26 = 70. Suppose 2*u + d = 8, -3*u + 7*u - v = 4*d. What is the units digit of u?
4
Suppose 0 = 5*g + 2*j + 89 - 314, 2*g + 2*j - 90 = 0. What is the units digit of g?
5
Let v(b) = 2*b**2 - 19*b + 74. What is the units digit of v(22)?
4
Let r(z) be the second derivative of z**5/20 + 2*z**4/3 + 2*z**3/3 + 3*z**2/2 + 12*z. What is the units digit of r(-6)?
1
Let c(s) = -5*s + 25. Let g(t) = t - 1. Let x(o) = c(o) + 6*g(o). Suppose -3*p = -7 + 34. What is the tens digit of x(p)?
1
Let r be (2/4)/((-3)/(-30)). Suppose -8*c = -12*c + 4. Suppose -4*b + 37 = r*t - c, 20 = 2*t + 4*b. What is the units digit of t?
6
Let j(y) = -2*y - 10. Let d(x) = 7*x + 5. Let w be d(-2). Let r be j(w). Suppose v + 4*q + 15 = 9*q, r = 2*q. What is the units digit of v?
5
Let x(q) = q**3 + 3*q**2 - 20*q - 15. Let g be x(-6). What is the tens digit of (-101)/(g*5/15)?
0
Let d = -27 + 62. What is the tens digit of d?
3
Suppose -j = 4*j. Suppose -8*r - 3 = -w - 9*r, -4*r - 2 = -3*w. Suppose j = -q + w*q - 20. What is the units digit of q?
0
What is the thousands digit of 1/(39/(-13) + (-13478)/(-4492))?
2
Suppose 0 = -13*i + 4846 - 1531. What is the hundreds digit of i?
2
Let g(o) = 54*o**2 - 157*o + 2. What is the hundreds digit of g(9)?
9
Let o = -43 + 167. What is the tens digit of o?
2
Suppose -y = 4*y - 3*v - 32, 2*y + 3*v = -4. Suppose y*d = l + 603, 0 = -5*d + d + 4*l + 588. What is the tens digit of d?
5
Let w(y) = -y**2 - 7*y - 1. Let b be w(-7). Let f be (9/(-3))/b - -3. Suppose 3*r - f = 6, -i + 36 = 3*r. What is the tens digit of i?
2
Suppose -17*g - 735 = -20*g + 3*j, 0 = 5*g + j - 1225. What is the hundreds digit of g?
2
Let n(f) = f**3 - 3*f**2 - 4*f + 4. Let o be n(4). Let b = -4 + o. Suppose b = 7*d - 4*d - 3. What is the units digit of d?
1
Let q = -30 - -24. What is the units digit of (-27)/6*((-64)/q)/(-4)?
2
Suppose -v + 8 = 5*f, 0 = 2*f + 5*v + 3 + 3. Suppose 0 = 2*a - f, -3*a + 6*a = j + 21. What is the tens digit of ((-70)/(-30))/((-2)/j)?
2
Let c be (-1)/(-3 + 464/156). Let u = c + 137. What is the tens digit of u?
7
Suppose -4*b + 3*b + 3 = 0, -5*b = 2*n - 7. Let s = 112 - n. What is the hundreds digit of s?
1
Suppose 0 = -2*j + 3*z + 3254, 5*j = -10*z + 12*z + 8146. What is the tens digit of j?
3
What is the hundreds digit of (-7 + (11 - 100))*83/(-3)?
6
Let z(b) = 4 - 23*b + 0 + 2 - 10. What is the units digit of z(-2)?
2
Let d = -9 - -11. Suppose d*b = b. Suppose -c + r + 33 = b, 0*c - 2*c + r = -65. What is the units digit of c?
2
Let j(p) = p - 2. Suppose 5*u - 9*u = -12. What is the units digit of j(u)?
1
Suppose -5*a + a - 20 = i, -i - 3*a - 17 = 0. Let w = 10 + i. What is the units digit of 27/3 + (6 - w)?
3
Suppose 3*o = -2*o - 15. Let w(z) = -2*z**3 - 5*z**2 - 4*z - 3. What is the tens digit of w(o)?
1
Let j = -13 - 23. Let h = j + 60. What is the tens digit of h?
2
Let p(v) = 14*v**2 - 2*v + 2. What is the hundreds digit of p(-5)?
3
Suppose m = 2 + 4. Suppose -3*d = 3*k - m*k + 3, 2*d - k = -4. What is the tens digit of d/(3*1/(-41))?
4
Let r(h) = 6*h**3 